ghest common factor of 16 and 1744?
16
Calculate the highest common divisor of 828 and 54.
18
What is the highest common factor of 832 and 256?
64
Calculate the greatest common factor of 1514 and 1.
1
What is the greatest common factor of 2560 and 240?
80
Calculate the highest common divisor of 44 and 66.
22
What is the highest common factor of 279 and 3286?
31
Calculate the greatest common divisor of 21 and 1673.
7
What is the highest common factor of 60 and 390?
30
What is the greatest common factor of 38 and 3838?
38
What is the greatest common factor of 1272 and 34768?
424
What is the greatest common divisor of 11 and 1496?
11
What is the greatest common factor of 39 and 1690?
13
Calculate the greatest common divisor of 3526 and 82.
82
Calculate the greatest common factor of 62 and 1984.
62
What is the highest common divisor of 351 and 27?
27
Calculate the greatest common factor of 4030 and 124.
62
What is the greatest common divisor of 22 and 902?
22
Calculate the highest common divisor of 65 and 520.
65
What is the greatest common factor of 891 and 243?
81
What is the highest common factor of 10 and 105?
5
Calculate the highest common factor of 6 and 102.
6
What is the greatest common factor of 11 and 1078?
11
Calculate the highest common factor of 40 and 320.
40
Calculate the greatest common divisor of 193515 and 21.
21
What is the highest common divisor of 142 and 213?
71
Calculate the greatest common divisor of 11495 and 209.
209
Calculate the greatest common factor of 176 and 64.
16
What is the highest common divisor of 442 and 494?
26
What is the greatest common factor of 5996 and 12?
4
Calculate the highest common factor of 8788 and 104.
52
Calculate the greatest common factor of 168 and 4592.
56
Calculate the highest common factor of 22 and 4.
2
Calculate the greatest common factor of 19915 and 35.
35
Calculate the highest common factor of 81 and 261.
9
What is the highest common divisor of 595 and 22134?
119
Calculate the highest common factor of 730 and 30.
10
Calculate the highest common factor of 945 and 405.
135
Calculate the highest common factor of 1248 and 120.
24
Calculate the greatest common factor of 63 and 81.
9
What is the greatest common divisor of 2496 and 39?
39
What is the greatest common factor of 1535 and 45?
5
Calculate the highest common factor of 111 and 185.
37
Calculate the highest common divisor of 48 and 732.
12
Calculate the greatest common factor of 3680 and 80.
80
Calculate the greatest common divisor of 117 and 8658.
117
Calculate the greatest common factor of 85 and 2465.
85
Calculate the greatest common divisor of 13 and 923.
13
Calculate the greatest common factor of 2363 and 17.
17
What is the greatest common divisor of 3105 and 90?
45
What is the greatest common divisor of 1485 and 240?
15
Calculate the highest common factor of 840 and 2240.
280
What is the highest common divisor of 81 and 9153?
81
What is the greatest common divisor of 33 and 1419?
33
What is the greatest common factor of 74 and 13320?
74
What is the highest common divisor of 6318 and 13?
13
Calculate the highest common divisor of 19 and 27.
1
What is the greatest common factor of 4 and 332?
4
Calculate the greatest common factor of 16 and 32.
16
What is the highest common factor of 4112 and 16?
16
What is the highest common divisor of 42 and 139986?
42
What is the highest common factor of 61 and 6649?
61
Calculate the highest common divisor of 371 and 5.
1
What is the greatest common factor of 16 and 1216?
16
What is the greatest common divisor of 13224 and 120?
24
Calculate the greatest common factor of 335 and 215.
5
What is the highest common factor of 230 and 10?
10
Calculate the greatest common factor of 19 and 95.
19
What is the greatest common divisor of 2040 and 648?
24
What is the highest common factor of 1098 and 54?
18
What is the greatest common divisor of 5546 and 59?
59
Calculate the greatest common divisor of 167 and 3841.
167
What is the highest common divisor of 2079 and 77?
77
Calculate the greatest common divisor of 64 and 12.
4
Calculate the greatest common divisor of 424 and 16.
8
What is the greatest common divisor of 120 and 660?
60
Calculate the greatest common factor of 7998 and 186.
186
Calculate the highest common factor of 2346 and 184.
46
Calculate the greatest common factor of 5 and 4.
1
What is the greatest common divisor of 305 and 183?
61
What is the highest common divisor of 160 and 128?
32
What is the highest common divisor of 6 and 162?
6
Calculate the greatest common divisor of 20 and 15.
5
Calculate the greatest common factor of 110 and 2816.
22
What is the highest common factor of 632 and 16?
8
What is the highest common factor of 328 and 1763?
41
Calculate the greatest common factor of 118 and 35754.
118
What is the greatest common factor of 4753 and 14?
7
What is the highest common divisor of 76 and 190?
38
Calculate the highest common divisor of 80 and 80.
80
What is the highest common factor of 1740 and 60?
60
What is the highest common factor of 21 and 1113?
21
What is the highest common factor of 40 and 24?
8
Calculate the highest common factor of 9720 and 48.
24
What is the highest common divisor of 2 and 23?
1
What is the highest common divisor of 374 and 34?
34
What is the highest common factor of 52 and 2314?
26
Calculate the greatest common divisor of 1595 and 551.
29
Calculate the highest common divisor of 1224 and 731.
17
Calculate the highest common divisor of 140 and 140.
140
What is the highest common divisor of 19855 and 1444?
361
What is the greatest common factor of 59437 and 49?
49
Calculate the highest common factor of 185 and 296.
37
What is the greatest common divisor of 64 and 17392?
16
What is the greatest common divisor of 400 and 425?
25
What is the highest common factor of 13 and 6266?
13
Calculate the greatest common divisor of 164 and 44.
4
Calculate the greatest common factor of 54 and 42.
6
What is the greatest common factor of 246 and 12?
6
What is the highest common divisor of 63 and 49?
7
Calculate the greatest common divisor of 369 and 287.
41
Calculate the greatest common divisor of 6 and 78.
6
Calculate the highest common divisor of 28 and 21112.
28
What is the greatest common factor of 378 and 14?
14
What is the greatest common divisor of 138 and 30958?
46
Calculate the highest common factor of 84 and 16674.
42
Calculate the greatest common divisor of 1890 and 840.
210
Calculate the greatest common divisor of 9 and 1053.
9
Calculate the greatest common factor of 328 and 512.
8
What is the greatest common divisor of 28 and 148?
4
Calculate the highest common factor of 58569 and 21.
21
Calculate the highest common factor of 11 and 99.
11
What is the highest common factor of 3799 and 262?
131
Calculate the highest common factor of 20 and 15.
5
What is the highest common factor of 440 and 55?
55
Calculate the greatest common divisor of 7399 and 49.
49
Calculate the highest common divisor of 1360 and 3315.
85
Calculate the highest common factor of 15 and 12.
3
Calculate the greatest common factor of 726 and 198.
66
What is the highest common divisor of 3960 and 297?
99
Calculate the greatest common factor of 46 and 1702.
46
Calculate the greatest common factor of 6 and 34.
2
What is the highest common divisor of 63 and 4?
1
Calculate the highest common factor of 275 and 50.
25
What is the highest common divisor of 2398 and 55?
11
Calculate the highest common divisor of 5 and 745.
5
What is the highest common factor of 4 and 167?
1
Calculate the greatest common factor of 702 and 1170.
234
Calculate the greatest common factor of 1095 and 30.
15
Calculate the highest common factor of 19 and 3439.
19
What is the greatest common divisor of 30 and 18?
6
Calculate the highest common divisor of 1256 and 8.
8
What is the highest common factor of 98 and 6762?
98
Calculate the highest common factor of 1995 and 114.
57
Calculate the greatest common divisor of 91 and 2184.
91
Calculate the greatest common factor of 207 and 46.
23
Calculate the highest common divisor of 730 and 70.
10
Calculate the highest common divisor of 4251 and 39.
39
What is the greatest common factor of 29 and 493?
29
Calculate the greatest common divisor of 121 and 11.
11
What is the greate